[INFO] fetching crate noria-mir 0.6.0...
[INFO] building noria-mir-0.6.0 against master#ff34b919075f35a1787659e9c448a34b06bab8de for issue-85264
[INFO] extracting crate noria-mir 0.6.0 into /workspace/builds/worker-6/source
[INFO] validating manifest of crates.io crate noria-mir 0.6.0 on toolchain ff34b919075f35a1787659e9c448a34b06bab8de
[INFO] running `Command { std: "/workspace/cargo-home/bin/cargo" "+ff34b919075f35a1787659e9c448a34b06bab8de" "metadata" "--manifest-path" "Cargo.toml" "--no-deps", kill_on_drop: false }`
[INFO] started tweaking crates.io crate noria-mir 0.6.0
[INFO] finished tweaking crates.io crate noria-mir 0.6.0
[INFO] tweaked toml for crates.io crate noria-mir 0.6.0 written to /workspace/builds/worker-6/source/Cargo.toml
[INFO] running `Command { std: "/workspace/cargo-home/bin/cargo" "+ff34b919075f35a1787659e9c448a34b06bab8de" "generate-lockfile" "--manifest-path" "Cargo.toml" "-Zno-index-update", kill_on_drop: false }`
[INFO] [stderr]     Blocking waiting for file lock on package cache
[INFO] running `Command { std: "/workspace/cargo-home/bin/cargo" "+ff34b919075f35a1787659e9c448a34b06bab8de" "fetch" "--manifest-path" "Cargo.toml", kill_on_drop: false }`
[INFO] [stderr]     Blocking waiting for file lock on package cache
[INFO] [stderr]     Blocking waiting for file lock on package cache
[INFO] [stderr]  Downloading crates ...
[INFO] [stderr]   Downloaded tower-layer v0.3.1
[INFO] [stderr]   Downloaded twox-hash v1.6.0
[INFO] [stderr]   Downloaded uuid v0.8.2
[INFO] [stderr]   Downloaded crossbeam-channel v0.4.4
[INFO] [stderr]   Downloaded fs_extra v1.2.0
[INFO] [stderr]   Downloaded pin-project v0.4.28
[INFO] [stderr]   Downloaded pin-project-internal v0.4.28
[INFO] [stderr]   Downloaded libloading v0.7.0
[INFO] [stderr]   Downloaded clang-sys v1.2.0
[INFO] [stderr]   Downloaded arccstr v1.3.1
[INFO] [stderr]   Downloaded jobserver v0.1.22
[INFO] [stderr]   Downloaded zookeeper v0.5.10
[INFO] [stderr]   Downloaded mysql_common v0.22.2
[INFO] [stderr]   Downloaded noria v0.6.1
[INFO] [stderr]   Downloaded lexical v5.2.2
[INFO] [stderr]   Downloaded evmap v11.0.0-alpha.7
[INFO] [stderr]   Downloaded bindgen v0.57.0
[INFO] [stderr]   Downloaded libz-sys v1.1.3
[INFO] [stderr]   Downloaded left-right v0.11.3
[INFO] [stderr]   Downloaded slog v2.7.0
[INFO] [stderr]   Downloaded ahash v0.3.8
[INFO] [stderr]   Downloaded hashbag v0.1.3
[INFO] [stderr]   Downloaded rust_decimal v1.14.1
[INFO] [stderr]   Downloaded librocksdb-sys v6.17.3
[INFO] running `Command { std: "docker" "create" "-v" "/var/lib/crater-agent-workspace/builds/worker-6/target:/opt/rustwide/target:rw,Z" "-v" "/var/lib/crater-agent-workspace/builds/worker-6/source:/opt/rustwide/workdir:ro,Z" "-v" "/var/lib/crater-agent-workspace/cargo-home:/opt/rustwide/cargo-home:ro,Z" "-v" "/var/lib/crater-agent-workspace/rustup-home:/opt/rustwide/rustup-home:ro,Z" "-e" "SOURCE_DIR=/opt/rustwide/workdir" "-e" "CARGO_TARGET_DIR=/opt/rustwide/target" "-e" "CARGO_HOME=/opt/rustwide/cargo-home" "-e" "RUSTUP_HOME=/opt/rustwide/rustup-home" "-w" "/opt/rustwide/workdir" "-m" "1610612736" "--user" "0:0" "--network" "none" "ghcr.io/rust-lang/crates-build-env/linux@sha256:20528e8c29e4536546f0102ce88568b16ea7538393a33fcca951030f7af10457" "/opt/rustwide/cargo-home/bin/cargo" "+ff34b919075f35a1787659e9c448a34b06bab8de" "metadata" "--no-deps" "--format-version=1", kill_on_drop: false }`
[INFO] [stdout] 46b39011dc877b931e546ed95be867d411cf802ee124173e37858f614c9edc1e
[INFO] [stderr] WARNING: Your kernel does not support swap limit capabilities or the cgroup is not mounted. Memory limited without swap.
[INFO] running `Command { std: "docker" "start" "-a" "46b39011dc877b931e546ed95be867d411cf802ee124173e37858f614c9edc1e", kill_on_drop: false }`
[INFO] running `Command { std: "docker" "inspect" "46b39011dc877b931e546ed95be867d411cf802ee124173e37858f614c9edc1e", kill_on_drop: false }`
[INFO] running `Command { std: "docker" "rm" "-f" "46b39011dc877b931e546ed95be867d411cf802ee124173e37858f614c9edc1e", kill_on_drop: false }`
[INFO] [stdout] 46b39011dc877b931e546ed95be867d411cf802ee124173e37858f614c9edc1e
[INFO] running `Command { std: "docker" "create" "-v" "/var/lib/crater-agent-workspace/builds/worker-6/target:/opt/rustwide/target:rw,Z" "-v" "/var/lib/crater-agent-workspace/builds/worker-6/source:/opt/rustwide/workdir:ro,Z" "-v" "/var/lib/crater-agent-workspace/cargo-home:/opt/rustwide/cargo-home:ro,Z" "-v" "/var/lib/crater-agent-workspace/rustup-home:/opt/rustwide/rustup-home:ro,Z" "-e" "SOURCE_DIR=/opt/rustwide/workdir" "-e" "CARGO_TARGET_DIR=/opt/rustwide/target" "-e" "CARGO_INCREMENTAL=0" "-e" "RUST_BACKTRACE=full" "-e" "RUSTFLAGS=--cap-lints=forbid" "-e" "CARGO_HOME=/opt/rustwide/cargo-home" "-e" "RUSTUP_HOME=/opt/rustwide/rustup-home" "-w" "/opt/rustwide/workdir" "-m" "1610612736" "--user" "0:0" "--network" "none" "ghcr.io/rust-lang/crates-build-env/linux@sha256:20528e8c29e4536546f0102ce88568b16ea7538393a33fcca951030f7af10457" "/opt/rustwide/cargo-home/bin/cargo" "+ff34b919075f35a1787659e9c448a34b06bab8de" "build" "--frozen" "--message-format=json", kill_on_drop: false }`
[INFO] [stdout] e4f961d28c772ee42295ab21ced77f7882fc0ea01c77b40627b27e823f8875d4
[INFO] [stderr] WARNING: Your kernel does not support swap limit capabilities or the cgroup is not mounted. Memory limited without swap.
[INFO] running `Command { std: "docker" "start" "-a" "e4f961d28c772ee42295ab21ced77f7882fc0ea01c77b40627b27e823f8875d4", kill_on_drop: false }`
[INFO] [stderr]    Compiling libc v0.2.95
[INFO] [stderr]    Compiling lazy_static v1.4.0
[INFO] [stderr]    Compiling memchr v2.4.0
[INFO] [stderr]    Compiling cfg-if v0.1.10
[INFO] [stderr]    Compiling version_check v0.9.3
[INFO] [stderr]    Compiling slab v0.4.3
[INFO] [stderr]    Compiling proc-macro-hack v0.5.19
[INFO] [stderr]    Compiling ryu v1.0.5
[INFO] [stderr]    Compiling fnv v1.0.7
[INFO] [stderr]    Compiling bitflags v1.2.1
[INFO] [stderr]    Compiling serde v1.0.126
[INFO] [stderr]    Compiling pin-project-lite v0.1.12
[INFO] [stderr]    Compiling arrayvec v0.5.2
[INFO] [stderr]    Compiling static_assertions v1.1.0
[INFO] [stderr]    Compiling pin-project-internal v0.4.28
[INFO] [stderr]    Compiling pin-project-lite v0.2.6
[INFO] [stderr]    Compiling getrandom v0.1.16
[INFO] [stderr]    Compiling futures-task v0.3.15
[INFO] [stderr]    Compiling tower-service v0.3.1
[INFO] [stderr]    Compiling proc-macro-nested v0.1.7
[INFO] [stderr]    Compiling maybe-uninit v2.0.0
[INFO] [stderr]    Compiling pin-utils v0.1.0
[INFO] [stderr]    Compiling lazycell v1.3.0
[INFO] [stderr]    Compiling glob v0.3.0
[INFO] [stderr]    Compiling typenum v1.13.0
[INFO] [stderr]    Compiling crunchy v0.2.2
[INFO] [stderr]    Compiling itoa v0.4.7
[INFO] [stderr]    Compiling tiny-keccak v2.0.2
[INFO] [stderr]    Compiling byteorder v1.4.3
[INFO] [stderr]    Compiling pkg-config v0.3.19
[INFO] [stderr]    Compiling gimli v0.24.0
[INFO] [stderr]    Compiling adler v1.0.2
[INFO] [stderr]    Compiling bindgen v0.57.0
[INFO] [stderr]    Compiling scopeguard v1.1.0
[INFO] [stderr]    Compiling rustc-demangle v0.1.19
[INFO] [stderr]    Compiling const_fn v0.4.8
[INFO] [stderr]    Compiling object v0.24.0
[INFO] [stderr]    Compiling crc32fast v1.2.1
[INFO] [stderr]    Compiling failure_derive v0.1.8
[INFO] [stderr]    Compiling peeking_take_while v0.1.2
[INFO] [stderr]    Compiling rustc-hash v1.1.0
[INFO] [stderr]    Compiling shlex v0.1.1
[INFO] [stderr]    Compiling httparse v1.4.1
[INFO] [stderr]    Compiling futures-channel v0.3.15
[INFO] [stderr]    Compiling tower-layer v0.3.1
[INFO] [stderr]    Compiling try-lock v0.2.3
[INFO] [stderr]    Compiling fs_extra v1.2.0
[INFO] [stderr]    Compiling sha1 v0.6.0
[INFO] [stderr]    Compiling uuid v0.8.2
[INFO] [stderr]    Compiling snowflake v1.3.0
[INFO] [stderr]    Compiling fixedbitset v0.2.0
[INFO] [stderr]    Compiling bufstream v0.1.4
[INFO] [stderr]    Compiling hashbag v0.1.3
[INFO] [stderr]    Compiling either v1.6.1
[INFO] [stderr]    Compiling futures-macro v0.3.15
[INFO] [stderr]    Compiling num-traits v0.2.14
[INFO] [stderr]    Compiling indexmap v1.6.2
[INFO] [stderr]    Compiling futures-util v0.3.15
[INFO] [stderr]    Compiling crossbeam-utils v0.7.2
[INFO] [stderr]    Compiling miniz_oxide v0.4.4
[INFO] [stderr]    Compiling num-integer v0.1.44
[INFO] [stderr]    Compiling memoffset v0.5.6
[INFO] [stderr]    Compiling crossbeam-epoch v0.8.2
[INFO] [stderr]    Compiling libloading v0.7.0
[INFO] [stderr]    Compiling num-bigint v0.2.6
[INFO] [stderr]    Compiling tower-make v0.3.0
[INFO] [stderr]    Compiling tracing-core v0.1.18
[INFO] [stderr]    Compiling left-right v0.11.3
[INFO] [stderr]    Compiling http v0.2.4
[INFO] [stderr]    Compiling itertools v0.9.0
[INFO] [stderr]    Compiling want v0.3.0
[INFO] [stderr]    Compiling syn v1.0.72
[INFO] [stderr]    Compiling nom v5.1.2
[INFO] [stderr]    Compiling standback v0.2.17
[INFO] [stderr]    Compiling time v0.2.26
[INFO] [stderr]    Compiling lexical-core v0.7.6
[INFO] [stderr]    Compiling clang-sys v1.2.0
[INFO] [stderr]    Compiling aho-corasick v0.7.18
[INFO] [stderr]    Compiling crossbeam-queue v0.2.3
[INFO] [stderr]    Compiling crossbeam-channel v0.4.4
[INFO] [stderr]    Compiling jobserver v0.1.22
[INFO] [stderr]    Compiling net2 v0.2.37
[INFO] [stderr]    Compiling iovec v0.1.4
[INFO] [stderr]    Compiling num_cpus v1.13.0
[INFO] [stderr]    Compiling getrandom v0.2.3
[INFO] [stderr]    Compiling time v0.1.43
[INFO] [stderr]    Compiling socket2 v0.3.19
[INFO] [stderr]    Compiling timekeeper v0.3.2
[INFO] [stderr]    Compiling rand_core v0.5.1
[INFO] [stderr]    Compiling rand_core v0.6.2
[INFO] [stderr]    Compiling cc v1.0.68
[INFO] [stderr]    Compiling mio v0.6.23
[INFO] [stderr]    Compiling crossbeam-deque v0.7.3
[INFO] [stderr]    Compiling rand_chacha v0.3.0
[INFO] [stderr]    Compiling rand_pcg v0.2.1
[INFO] [stderr]    Compiling rand_chacha v0.2.2
[INFO] [stderr]    Compiling const-random-macro v0.1.13
[INFO] [stderr]    Compiling rand v0.7.3
[INFO] [stderr]    Compiling generic-array v0.12.4
[INFO] [stderr]    Compiling crossbeam v0.7.3
[INFO] [stderr]    Compiling rand v0.8.3
[INFO] [stderr]    Compiling block-buffer v0.7.3
[INFO] [stderr]    Compiling digest v0.8.1
[INFO] [stderr]    Compiling regex v1.5.4
[INFO] [stderr]    Compiling mio-uds v0.6.8
[INFO] [stderr]    Compiling mio-extras v2.0.6
[INFO] [stderr]    Compiling sha2 v0.8.2
[INFO] [stderr]    Compiling const-random v0.1.13
[INFO] [stderr]    Compiling ahash v0.3.8
[INFO] [stderr]    Compiling tokio v0.2.25
[INFO] [stderr]    Compiling lexical v5.2.2
[INFO] [stderr]    Compiling backtrace v0.3.59
[INFO] [stderr]    Compiling libz-sys v1.1.3
[INFO] [stderr]    Compiling jemalloc-sys v0.3.2
[INFO] [stderr]    Compiling http-body v0.3.1
[INFO] [stderr]    Compiling tempfile v3.2.0
[INFO] [stderr]    Compiling twox-hash v1.6.0
[INFO] [stderr]    Compiling evmap v11.0.0-alpha.7
[INFO] [stderr]    Compiling addr2line v0.15.1
[INFO] [stderr]    Compiling flate2 v1.0.20
[INFO] [stderr]    Compiling assert_infrequent v0.1.0
[INFO] [stderr]    Compiling cexpr v0.4.0
[INFO] [stderr]    Compiling synstructure v0.12.4
[INFO] [stderr]    Compiling tokio-util v0.3.1
[INFO] [stderr]    Compiling serde_derive v1.0.126
[INFO] [stderr]    Compiling tracing-attributes v0.1.15
[INFO] [stderr]    Compiling pin-project-internal v1.0.7
[INFO] [stderr]    Compiling time-macros-impl v0.1.1
[INFO] [stderr]    Compiling zookeeper_derive v0.4.1
[INFO] [stderr]    Compiling zookeeper v0.5.10
[INFO] [stderr]    Compiling failure v0.1.8
[INFO] [stderr]    Compiling time-macros v0.1.1
[INFO] [stderr]    Compiling tracing v0.1.26
[INFO] [stderr]    Compiling pin-project v0.4.28
[INFO] [stderr]    Compiling pin-project v1.0.7
[INFO] [stderr]    Compiling tower-discover v0.3.0
[INFO] [stderr]    Compiling tracing-futures v0.2.5
[INFO] [stderr]    Compiling tower-buffer v0.3.0
[INFO] [stderr]    Compiling tower-load v0.3.0
[INFO] [stderr]    Compiling tower-limit v0.3.1
[INFO] [stderr]    Compiling tower-ready-cache v0.3.1
[INFO] [stderr]    Compiling h2 v0.2.7
[INFO] [stderr]    Compiling tokio-tower v0.4.0
[INFO] [stderr]    Compiling stream-cancel v0.5.2
[INFO] [stderr]    Compiling tower-balance v0.3.0
[INFO] [stderr]    Compiling librocksdb-sys v6.17.3
[INFO] [stderr]    Compiling bincode v1.3.3
[INFO] [stderr]    Compiling rust_decimal v1.14.1
[INFO] [stderr]    Compiling chrono v0.4.19
[INFO] [stderr]    Compiling serde_json v1.0.64
[INFO] [stderr]    Compiling bigdecimal v0.1.2
[INFO] [stderr]    Compiling vec_map v0.8.2
[INFO] [stderr]    Compiling arccstr v1.3.1
[INFO] [stderr]    Compiling petgraph v0.5.1
[INFO] [stderr]    Compiling nom-sql v0.0.11
[INFO] [stderr]    Compiling async-bincode v0.5.1
[INFO] [stderr]    Compiling mysql_common v0.22.2
[INFO] [stderr]    Compiling hyper v0.13.10
[INFO] [stderr] error: could not compile `nom-sql`
[INFO] [stderr] 
[INFO] [stderr] Caused by:
[INFO] [stderr]   process didn't exit successfully: `rustc --crate-name nom_sql /opt/rustwide/cargo-home/registry/src/github.com-1ecc6299db9ec823/nom-sql-0.0.11/src/lib.rs --error-format=json --json=diagnostic-rendered-ansi,artifacts --crate-type lib --emit=dep-info,metadata,link -C embed-bitcode=no -C debuginfo=2 -C metadata=6011c3044cf68f9f -C extra-filename=-6011c3044cf68f9f --out-dir /opt/rustwide/target/debug/deps -L dependency=/opt/rustwide/target/debug/deps --extern nom=/opt/rustwide/target/debug/deps/libnom-f0bb84cd55748a05.rmeta --extern serde=/opt/rustwide/target/debug/deps/libserde-ff274a8f7c1328bb.rmeta --extern serde_derive=/opt/rustwide/target/debug/deps/libserde_derive-76198e8aef00af23.so --cap-lints allow --cap-lints=forbid` (signal: 9, SIGKILL: kill)
[INFO] [stderr] warning: build failed, waiting for other jobs to finish...
[INFO] [stderr] The following warnings were emitted during compilation:
[INFO] [stderr] 
[INFO] [stderr] warning: c++: fatal error: Killed signal terminated program cc1plus
[INFO] [stderr] warning: compilation terminated.
[INFO] [stderr] warning: c++: fatal error: Killed signal terminated program cc1plus
[INFO] [stderr] warning: compilation terminated.
[INFO] [stderr] warning: c++: fatal error: Killed signal terminated program cc1plus
[INFO] [stderr] warning: compilation terminated.
[INFO] [stderr] warning: c++: fatal error: Killed signal terminated program cc1plus
[INFO] [stderr] warning: compilation terminated.
[INFO] [stderr] warning: c++: fatal error: Killed signal terminated program cc1plus
[INFO] [stderr] warning: compilation terminated.
[INFO] [stderr] warning: c++: fatal error: Killed signal terminated program cc1plus
[INFO] [stderr] warning: compilation terminated.
[INFO] [stderr] warning: c++: fatal error: Killed signal terminated program cc1plus
[INFO] [stderr] warning: compilation terminated.
[INFO] [stderr] warning: c++: fatal error: Killed signal terminated program cc1plus
[INFO] [stderr] warning: compilation terminated.
[INFO] [stderr] warning: c++: fatal error: Killed signal terminated program cc1plus
[INFO] [stderr] warning: compilation terminated.
[INFO] [stderr] warning: c++: fatal error: Killed signal terminated program cc1plus
[INFO] [stderr] warning: compilation terminated.
[INFO] [stderr] warning: c++: fatal error: Killed signal terminated program cc1plus
[INFO] [stderr] warning: compilation terminated.
[INFO] [stderr] warning: c++: fatal error: Killed signal terminated program cc1plus
[INFO] [stderr] warning: compilation terminated.
[INFO] [stderr] warning: c++: fatal error: Killed signal terminated program cc1plus
[INFO] [stderr] warning: compilation terminated.
[INFO] [stderr] warning: c++: fatal error: Killed signal terminated program cc1plus
[INFO] [stderr] warning: compilation terminated.
[INFO] [stderr] warning: c++: fatal error: Killed signal terminated program cc1plus
[INFO] [stderr] warning: compilation terminated.
[INFO] [stderr] warning: c++: fatal error: Killed signal terminated program cc1plus
[INFO] [stderr] warning: compilation terminated.
[INFO] [stderr] warning: c++: fatal error: Killed signal terminated program cc1plus
[INFO] [stderr] warning: compilation terminated.
[INFO] [stderr] warning: c++: fatal error: Killed signal terminated program cc1plus
[INFO] [stderr] warning: compilation terminated.
[INFO] [stderr] 
[INFO] [stderr] error: build failed
[INFO] running `Command { std: "docker" "inspect" "e4f961d28c772ee42295ab21ced77f7882fc0ea01c77b40627b27e823f8875d4", kill_on_drop: false }`
[INFO] running `Command { std: "docker" "rm" "-f" "e4f961d28c772ee42295ab21ced77f7882fc0ea01c77b40627b27e823f8875d4", kill_on_drop: false }`
[INFO] [stdout] e4f961d28c772ee42295ab21ced77f7882fc0ea01c77b40627b27e823f8875d4
